f y/(-2)*(-48)/z?
2, 13
Let j(c) = 5*c - 8. Let a(y) = -y**3 + 6*y**2 - 5*y - 6. Let v be a(3). List the prime factors of j(v).
2, 11
Let d(i) = 2*i - 27. Let k(l) = l - 13. Let o(z) = 2*d(z) - 5*k(z). Let q be o(6). Suppose 2*c - 62 = -4*g, 0*c - 66 = -c + q*g. List the prime factors of c.
41
Let z be (1 - (-15)/(-9))*-3. Suppose 5*u + 2 = 17. Suppose u = z*x - 9. What are the prime factors of x?
2, 3
Let n = 19 - 19. Suppose -5*p - l + 697 = n, 0 = l - 0 - 2. What are the prime factors of p?
139
Suppose -4*b + 128 + 88 = 0. Suppose -4*t + b = -t. Suppose -z = z - t. List the prime factors of z.
3
Let t(z) = -56*z + 135. What are the prime factors of t(-26)?
37, 43
Suppose -3*o - 2*i = -6, 0 = 5*o - 3*i - 0*i + 9. Suppose 5*x - 1 - 14 = o. Suppose -x*u - 24 = -5*u. List the prime factors of u.
2, 3
Suppose -3*d + 665 = -175. Suppose 2*o - 2 = 8. Suppose -90 + d = o*w. What are the prime factors of w?
2, 19
Suppose -2*i = -0*i - 3*a + 8, -2*a = -3*i - 7. Let x be -3 + (0 - 3)*i. Suppose -2*w + 94 = -x*w - 3*b, -5*w + b + 235 = 0. List the prime factors of w.
47
Let l(i) = i**3 + 10*i**2 + 9*i + 7. Let x be l(-9). Let v(k) = -k**3 + 9*k**2 - 13*k + 9. What are the prime factors of v(x)?
2
Let d(h) = -h**2 - 3*h. Let u be d(-2). What are the prime factors of 9 - (-3 + u*1/(-2))?
13
Let d = 16 - 30. Let s be (-594)/14 - (270/(-42) + 6). List the prime factors of 4/d - 432/s.
2, 5
Let l(j) = -j**2 + 8*j - 9. Let c be l(6). Let m be -3 + 2 + -3 + -6 + 36. List the prime factors of m - (c - 5) - 0.
2, 7
Let r(x) = 7*x - 6 + 9*x - x**2 - 7*x. Suppose 12*w - 50 = 34. What are the prime factors of r(w)?
2
Let m(t) = -5*t - 13. Let z be m(-3). Suppose -z*h = -0*h - 5*j - 227, 5*j = -5*h + 550. What are the prime factors of h?
3, 37
Let z be 177/2 - (-10)/20. Suppose -6*x + 13 = -z. What are the prime factors of x?
17
Let i = 0 - -3. Suppose i*y + 51 = 5*y - 3*x, 5*x = y - 15. Let l = y + 15. List the prime factors of l.
3, 5
Let n = -76 - -487. List the prime factors of n.
3, 137
Suppose 4943 = -36*b + 19415. What are the prime factors of b?
2, 3, 67
Suppose -12 = 7*q - 11*q. Let j = 14 + -10. Suppose -q*r = 3*t + t - 77, -90 = -j*r + t. What are the prime factors of r?
23
Suppose 3*a + 2*p - 423 = 0, a + 3*p - 106 - 42 = 0. What are the prime factors of a?
139
Suppose 4*p = 4*k - 8, -2*p = -3*k - 2 + 10. Suppose 50 = -p*z + 288. What are the prime factors of z?
7, 17
Let b(m) = -5 - 4*m - 6 + 51*m**2 + 9 + 2*m. Suppose -10*o + 7*o - 3 = 0. What are the prime factors of b(o)?
3, 17
Suppose -5*i - 2133 = 2*r - 2*i, -4*i = -12. Let n be 1/2 + r/(-18). Suppose -c = -4*t + 66, t + 4*c = 5*t - n. List the prime factors of t.
17
Suppose -t + 11 = -6. Let c = -11 + t. List the prime factors of c.
2, 3
Let r(f) = -2*f**2 + 15*f. Let n be r(9). Let o be n/15*(-36 - -1). Suppose 0 = -w + 5*i + 79, -2*w + w + o = -i. What are the prime factors of w?
59
Let m be -6 + 2 + (-2 - -3). Let f = 84 - 90. List the prime factors of (-53)/f - m/18.
3
Suppose 0 = 2*b - 5*v - 423, -5*b = 6*v - v - 970. Let i = 295 - b. Suppose 2*w + 4*w = i. List the prime factors of w.
2
Let l(v) = 142*v + 4. What are the prime factors of l(7)?
2, 499
Let p(x) be the third derivative of 8*x**5/5 - x**4/24 - 24*x**2. What are the prime factors of p(1)?
5, 19
Let v(k) be the second derivative of -7*k**5/20 + k**4/4 + k**3/2 - 2*k**2 + 11*k. List the prime factors of v(-3).
7, 29
Let p be 26/2 - 0 - 0. Suppose 14*k = -67 - 73. Let j = k + p. List the prime factors of j.
3
Suppose 24*z = 13838 - 4190. What are the prime factors of z?
2, 3, 67
Let b = -13 - -57. Let g = b + 64. List the prime factors of (-1)/(((-33)/g)/11).
2, 3
Suppose 0 = -6*f + f, 4*f + 14 = 2*p. Suppose -3*m = -p*m. Suppose -4*y + a = -140, 3*y + m*a - 112 = -a. What are the prime factors of y?
2, 3
Let k(z) = 2*z + 2. Let c(p) = 5*p + 6. Let g(w) = -4*c(w) + 11*k(w). Let s be g(4). Suppose -x - s*x + 49 = 0. List the prime factors of x.
7
Let f be (0 - 1)/((-2)/(-2)). Let k(l) = -100*l - 3. List the prime factors of k(f).
97
Let d(q) = -q + 1. Suppose 5 = -k + 8. Let h be d(k). List the prime factors of 8 + (6/h - -6).
11
Suppose -i = -5*u + u + 143, -3*i + 15 = 0. List the prime factors of u.
37
Suppose -7 = -4*z + 13. Suppose q + 3*q - z*o = 73, 5*q + 3*o - 45 = 0. What are the prime factors of q?
2, 3
Let k(q) = 4*q**2 - 86. What are the prime factors of k(-13)?
2, 5, 59
Let h be 2/(-6) + 92/6. Suppose n = -2*c + 6, -3 = c - 4*n - h. Suppose 9*a - 220 = c*a. List the prime factors of a.
2, 11
Suppose 27 = 5*r - 3*x - 67, -5*r = 2*x - 104. Suppose 5*k - r = -0*k. List the prime factors of 2/(k/(-48)*-1).
2, 3
Suppose -10*n + 13*n - 1710 = 0. Let a = n - 406. What are the prime factors of a?
2, 41
Suppose -n = 4 + 2. Let f(v) = v**2 - 51*v + 565. Let h be f(33). Let y = n - h. What are the prime factors of y?
23
Let p = -124 - -353. List the prime factors of p.
229
Let q(w) be the first derivative of 15*w**2/2 - 9*w - 17. List the prime factors of q(3).
2, 3
Suppose -1772 - 8724 = -8*c. What are the prime factors of c?
2, 41
Let t(v) = -v**3 + 41*v**2 - 8*v + 157. What are the prime factors of t(40)?
3, 479
Let s be (-9 + (6 - 0))/(6/(-4)). Suppose 3*k = 5*w - 2*k - 485, 294 = 3*w - s*k. List the prime factors of w.
2, 5
Let k(i) be the second derivative of -3/2*i**2 - i**3 + 0 - 8*i. What are the prime factors of k(-3)?
3, 5
Suppose 399 + 456 = 5*c + 5*b, -5*b = -2*c + 370. Suppose -69 - 130 = -h + 4*p, -h - 2*p = -c. What are the prime factors of h?
3, 61
Let j(s) = s**3 - s**2 - 3*s - 4. Let o be j(3). Suppose -o*f - 92 = -7*f. Suppose -6*h = -110 - f. List the prime factors of h.
2, 13
Let j(z) = z**3 - 5*z**2 + 12*z - 2. What are the prime factors of j(9)?
2, 5, 43
Let n(o) be the second derivative of o**7/315 - o**6/720 + 13*o**4/12 + 12*o. Let r(j) be the third derivative of n(j). List the prime factors of r(-3).
3, 5
Suppose 0 = 5*f + 10, -5*r + 77 = -2*f - 127. Let h = -16 + r. Let c = h + -11. List the prime factors of c.
13
Let s be -4 - -2 - (-16)/4. List the prime factors of ((-27)/(-2))/(s/(3 - -1)).
3
Suppose -4*f - 2*z = z - 24, 0 = f - z + 1. Suppose -s = -f*s + 4*d + 108, -2*d = -4*s + 216. List the prime factors of s.
2, 3
Suppose -2*w + 37 - 133 = 0. Let s = w - 46. What are the prime factors of (s/4)/(3/(-6))?
47
What are the prime factors of (-3 - -2) + 5 - -1257?
13, 97
Let j be -4 - (-1 + -3) - -3. Suppose -3*n - 2*f - f + 108 = 0, 5*n - j*f - 196 = 0. What are the prime factors of n?
2, 19
Suppose 0 = 2*q + 4*v - 4, 5*q - 10 = -3*v + v. Suppose -l - 31 = -q*g, -l - g = 2*l + 58. Let h = l + 45. List the prime factors of h.
2, 3
Suppose 4*a = r + 4, 0*a = 3*a - 9. Suppose 4*s + 20 = 0, 8 = l - 4*s - 7. Let v = l + r. What are the prime factors of v?
3
Suppose -6*y - 6544 = -14*y. List the prime factors of y.
2, 409
Suppose -2*w - 1262 = 4*q - 7*q, 0 = -q - 3*w + 428. List the prime factors of q.
2, 211
Suppose j - 2 = -0*j. Suppose 4*a = -2*u - u + 196, -j*u + 3*a = -125. List the prime factors of u.
2
Let r be 2 - (0 + -59 + 1). Let j be (-5 + (-63)/45)*(-10)/(-2). Let t = j + r. What are the prime factors of t?
2, 7
Let d(y) be the third derivative of -7*y**5/60 - y**4/24 + 3*y**2. Let j be d(-1). What are the prime factors of 9/j*(-52)/3?
2, 13
Let b(p) be the first derivative of 3*p**2/2 - 5*p + 13. Let r = 8 - 4. List the prime factors of b(r).
7
Let h(o) = -4*o**3 + 7*o**2 + 8*o + 6. What are the prime factors of h(-5)?
641
Suppose 5*g = -2*r + 5*r + 36, 4*r = -5*g + 22. Suppose 54 = 3*b - g*b. Let h = b - -31. List the prime factors of h.
13
Let f = -2257 + 5546. What are the prime factors of f?
11, 13, 23
Suppose 0*u + 3*q - 3 = -2*u, -3*u - 3*q = 0. Let d(t) = -89*t - 4. What are the prime factors of d(u)?
263
Let v = 6 - -21. Suppose -a - 10 + v = 0. What are the prime factors of a?
17
Suppose -463685 - 155263 = -99*o. List the prime factors of o.
2, 3, 521
Suppose -7*a + 3*a + 337 = r, 4*a - 1300 = -4*r. List the prime factors of r.
3, 107
List the prime factors of 45991/77 - (-6)/(-21).
3, 199
Let y(a) = -6*a + 1. Let j be y(-1). Suppose 2*z = j*z + 30. Let b(i) = i**2 + i + 3. List the prime factors of b(z).
3, 11
Suppose 3*q = 2*r - 1 + 17, -4*r - 3*q + 4 = 0. List the prime factor